e the remainder when 339 is divided by 91.
66
What is the remainder when 203065 is divided by 101492?
81
What is the remainder when 48642 is divided by 127?
1
What is the remainder when 90362 is divided by 51?
41
What is the remainder when 5057 is divided by 5046?
11
What is the remainder when 44302 is divided by 3405?
37
Calculate the remainder when 30842 is divided by 30794.
48
Calculate the remainder when 315564 is divided by 11.
7
What is the remainder when 1469 is divided by 150?
119
What is the remainder when 18174 is divided by 1211?
9
Calculate the remainder when 734 is divided by 717.
17
What is the remainder when 1310 is divided by 650?
10
Calculate the remainder when 89693 is divided by 29.
25
What is the remainder when 173 is divided by 125?
48
What is the remainder when 219956 is divided by 24438?
14
What is the remainder when 14821 is divided by 14807?
14
What is the remainder when 58820 is divided by 265?
255
What is the remainder when 114886 is divided by 2?
0
What is the remainder when 23548 is divided by 187?
173
What is the remainder when 293707 is divided by 73424?
11
What is the remainder when 5911 is divided by 495?
466
Calculate the remainder when 46078 is divided by 71.
70
What is the remainder when 31669 is divided by 24?
13
What is the remainder when 7854 is divided by 1311?
1299
What is the remainder when 345007 is divided by 172481?
45
Calculate the remainder when 25417 is divided by 2118.
1
Calculate the remainder when 9481 is divided by 54.
31
What is the remainder when 10215149 is divided by 16?
13
What is the remainder when 8412 is divided by 211?
183
What is the remainder when 26521 is divided by 2442?
2101
What is the remainder when 125576 is divided by 83?
80
Calculate the remainder when 687 is divided by 449.
238
What is the remainder when 13932 is divided by 872?
852
Calculate the remainder when 20695 is divided by 20065.
630
What is the remainder when 17235 is divided by 150?
135
What is the remainder when 434 is divided by 291?
143
What is the remainder when 13884 is divided by 106?
104
Calculate the remainder when 7175 is divided by 936.
623
Calculate the remainder when 48278 is divided by 406.
370
What is the remainder when 3171 is divided by 61?
60
Calculate the remainder when 26485 is divided by 82.
81
Calculate the remainder when 1268 is divided by 409.
41
Calculate the remainder when 72680 is divided by 90.
50
Calculate the remainder when 12240 is divided by 359.
34
Calculate the remainder when 5477 is divided by 1145.
897
What is the remainder when 129754 is divided by 136?
10
What is the remainder when 3965 is divided by 1975?
15
Calculate the remainder when 8353 is divided by 2770.
43
What is the remainder when 47928 is divided by 31?
2
What is the remainder when 132408 is divided by 13239?
18
What is the remainder when 2087 is divided by 2049?
38
What is the remainder when 3594108 is divided by 43?
39
Calculate the remainder when 503129 is divided by 930.
929
Calculate the remainder when 2050 is divided by 374.
180
What is the remainder when 1682 is divided by 214?
184
What is the remainder when 628671 is divided by 314324?
23
Calculate the remainder when 625 is divided by 293.
39
Calculate the remainder when 2816 is divided by 8.
0
What is the remainder when 1305 is divided by 17?
13
Calculate the remainder when 213610 is divided by 268.
14
Calculate the remainder when 61870 is divided by 2291.
13
Calculate the remainder when 124386 is divided by 124368.
18
What is the remainder when 91093 is divided by 19?
7
What is the remainder when 87793 is divided by 21947?
5
What is the remainder when 924765 is divided by 770?
765
Calculate the remainder when 428236 is divided by 643.
641
Calculate the remainder when 33556 is divided by 35.
26
Calculate the remainder when 69056 is divided by 49.
15
What is the remainder when 42968 is divided by 123?
41
Calculate the remainder when 3558 is divided by 889.
2
What is the remainder when 148858 is divided by 30?
28
Calculate the remainder when 2864 is divided by 935.
59
Calculate the remainder when 112895 is divided by 56.
55
What is the remainder when 2697367 is divided by 65?
62
Calculate the remainder when 961488 is divided by 27.
18
Calculate the remainder when 3542 is divided by 16.
6
Calculate the remainder when 4815 is divided by 69.
54
What is the remainder when 34219 is divided by 15?
4
Calculate the remainder when 575 is divided by 209.
157
Calculate the remainder when 73565 is divided by 117.
89
What is the remainder when 947 is divided by 56?
51
Calculate the remainder when 19842 is divided by 167.
136
What is the remainder when 52070 is divided by 1685?
1520
Calculate the remainder when 98495 is divided by 98467.
28
Calculate the remainder when 1883 is divided by 328.
243
What is the remainder when 7581 is divided by 507?
483
Calculate the remainder when 517418 is divided by 164.
162
Calculate the remainder when 4601 is divided by 626.
219
Calculate the remainder when 583 is divided by 246.
91
Calculate the remainder when 147734 is divided by 735.
734
Calculate the remainder when 38311 is divided by 129.
127
What is the remainder when 4049 is divided by 57?
2
What is the remainder when 33546 is divided by 96?
42
Calculate the remainder when 1002597 is divided by 13.
11
What is the remainder when 193646 is divided by 152?
150
Calculate the remainder when 24879 is divided by 5.
4
Calculate the remainder when 15628 is divided by 973.
60
What is the remainder when 64190 is divided by 93?
20
Calculate the remainder when 3158 is divided by 451.
1
Calculate the remainder when 174083 is divided by 489.
488
Calculate the remainder when 2044 is divided by 255.
4
What is the remainder when 701 is divided by 568?
133
What is the remainder when 131793 is divided by 98?
81
Calculate the remainder when 12546 is divided by 111.
3
Calculate the remainder when 8099 is divided by 88.
3
What is the remainder when 6097 is divided by 5973?
124
What is the remainder when 102486 is divided by 1127?
1056
What is the remainder when 981613 is divided by 39?
22
What is the remainder when 315827 is divided by 148?
143
Calculate the remainder when 3941382 is divided by 5.
2
Calculate the remainder when 1537 is divided by 496.
49
Calculate the remainder when 24488 is divided by 16.
8
Calculate the remainder when 9153 is divided by 8.
1
Calculate the remainder when 20589 is divided by 117.
114
Calculate the remainder when 202534 is divided by 260.
254
What is the remainder when 5939 is divided by 90?
89
What is the remainder when 1007 is divided by 620?
387
Calculate the remainder when 38931 is divided by 121.
90
Calculate the remainder when 22062 is divided by 2205.
12
Calculate the remainder when 15134 is divided by 945.
14
Calculate the remainder when 46650 is divided by 98.
2
What is the remainder when 2076981 is divided by 936?
933
What is the remainder when 1276 is divided by 115?
11
Calculate the remainder when 101242 is divided by 7230.
22
What is the remainder when 130988 is divided by 693?
11
What is the remainder when 2906 is divided by 161?
8
What is the remainder when 716299 is divided by 260?
259
Calculate the remainder when 25756 is divided by 98.
80
Calculate the remainder when 122399 is divided by 340.
339
What is the remainder when 26309 is divided by 143?
140
Calculate the remainder when 44039 is divided by 14.
9
Calculate the remainder when 162261 is divided by 162175.
86
What is the remainder when 18357 is divided by 9?
6
What is the remainder when 477033 is divided by 28?
25
Calculate the remainder when 2288 is divided by 2076.
212
Calculate the remainder when 28104 is divided by 293.
269
Calculate the remainder when 1052434 is divided by 737.
735
What is the remainder when 3732 is divided by 297?
168
What is the remainder when 268465 is divided by 134232?
1
Calculate the remainder when 218815 is divided by 30.
25
Calculate the remainder when 3620 is divided by 910.
890
Calculate the remainder when 5183 is divided by 34.
15
What is the remainder when 26869 is divided by 8953?
10
Calculate the remainder when 23947 is divided by 9.
7
What is the remainder when 697 is divided by 160?
57
Calculate the remainder when 54390 is divided by 139.
41
What is the 